{"id":24,"date":"2023-03-27T17:17:08","date_gmt":"2023-03-27T15:17:08","guid":{"rendered":"https:\/\/ateliercorporate.com\/?page_id=24"},"modified":"2026-02-16T20:25:17","modified_gmt":"2026-02-16T19:25:17","slug":"about","status":"publish","type":"page","link":"https:\/\/ateliercorporate.com\/?page_id=24","title":{"rendered":"Le Photographe."},"content":{"rendered":"\n    <div\n      class=\"alignfull flex-block flex-block--blockID--35940\"\n      data-block-id=\"blockID--35940\" \n      id=\"flex-blockid--35940\"\n      \n    >\n    <style> @media only screen and (min-width: 768px) { .flex-block--blockID--35940 { --html-font-size: 1.25vw; --height:45em; --bg-color: var(--scheme_1--background--default); --margin-top: 0em; --margin-bottom: 0em; } } @media only screen and (max-width: 767px) { .flex-block--blockID--35940 { --html-font-size: 4.2666666666667vw; --height: 67em; --bg-color: var(--scheme_1--background--default); --margin-top: 0em; --margin-bottom: 0em; } } <\/style>\n    <div class=\"flex-block__main-container server-rendered\"><style> .flex-block__element--block-blockID--35940.flex-block__element--element_id_90963, .flex-element-animation-helper[data-id='element_id_90963'][data-block-id='blockID--35940'] { --el-width: 27.1875em; --el-width-tablet: 27.1875em; --el-height: 33.75em; --el-height-tablet: 33.75em; --el-actual-height: 33.75em; --el-actual-height-tablet: 33.75em; --position-top: 5.625em; --position-top-tablet: 5.625em; --position-left: 5.625em; --position-left-tablet: 5.625em; --rotateDeg: 0deg; --z-index: 4; opacity: 1;--border-radius: 0px; --object-size: cover; --object-position-x: 0%; --object-position-y: 72.528762620333%; } @media only screen and (max-width: 767px) { .flex-block__element--block-blockID--35940.flex-block__element--element_id_90963, .flex-element-animation-helper[data-id='element_id_90963'][data-block-id='blockID--35940'] { --el-width: 15.9375em; --el-width-tablet: 15.9375em; --el-height: 22.625em; --el-height-tablet: 22.625em; --el-actual-height: 22.625em; --el-actual-height-tablet: 22.625em; --position-top: 3.75em; --position-top-tablet: 3.75em; --position-left: 3.75em; --position-left-tablet: 3.75em; --rotateDeg: 0deg; --z-index: 4; opacity: 1;--border-radius: 0px; --object-size: cover; --object-position-x: 50%; --object-position-y: 50%; } } \/*ANIMATION START*\/\/*ANIMATION END*\/ .flex-block__element--block-blockID--35940.flex-block__element--element_id_12482, .flex-element-animation-helper[data-id='element_id_12482'][data-block-id='blockID--35940'] { --el-width: 27.1875em; --el-width-tablet: 27.1875em; --el-height: 5.44601em; --el-height-tablet: 5.44601em; --el-actual-height: 5.44601em; --el-actual-height-tablet: 5.44601em; --position-top: 6.875em; --position-top-tablet: 6.875em; --position-left: 41.25em; --position-left-tablet: 41.25em; --rotateDeg: 0deg; --z-index: 3; --border-radius: 0px; --text-vertical-align: flex-start; --text-align: center; --el-height: auto; --el-paddings: 0em 0em; } @media only screen and (max-width: 767px) { .flex-block__element--block-blockID--35940.flex-block__element--element_id_12482, .flex-element-animation-helper[data-id='element_id_12482'][data-block-id='blockID--35940'] { --el-width: 19.6875em; --el-width-tablet: 19.6875em; --el-height: 7.5em; --el-height-tablet: 7.5em; --el-actual-height: 7.5em; --el-actual-height-tablet: 7.5em; --position-top: 30.125em; --position-top-tablet: 30.125em; --position-left: 1.875em; --position-left-tablet: 1.875em; --rotateDeg: 0deg; --z-index: 3; --border-radius: 0px; --text-vertical-align: flex-start; --text-align: center; --el-height: auto; --el-paddings: 0em 0em; } } \/*ANIMATION START*\/\/*ANIMATION END*\/ .flex-block__element--block-blockID--35940.flex-block__element--element_id_72765, .flex-element-animation-helper[data-id='element_id_72765'][data-block-id='blockID--35940'] { --el-width: 27.1875em; --el-width-tablet: 27.1875em; --el-height: 11.83099em; --el-height-tablet: 11.83099em; --el-actual-height: 11.83099em; --el-actual-height-tablet: 11.83099em; --position-top: 16em; --position-top-tablet: 16em; --position-left: 41.25em; --position-left-tablet: 41.25em; --rotateDeg: 0deg; --z-index: 2; --border-radius: 0px; --text-vertical-align: flex-start; --text-align: center; --el-height: auto; --el-paddings: 0em 0em; } @media only screen and (max-width: 767px) { .flex-block__element--block-blockID--35940.flex-block__element--element_id_72765, .flex-element-animation-helper[data-id='element_id_72765'][data-block-id='blockID--35940'] { --el-width: 19.6875em; --el-width-tablet: 19.6875em; --el-height: 19.25em; --el-height-tablet: 19.25em; --el-actual-height: 19.25em; --el-actual-height-tablet: 19.25em; --position-top: 40.125em; --position-top-tablet: 40.125em; --position-left: 1.875em; --position-left-tablet: 1.875em; --rotateDeg: 0deg; --z-index: 2; --border-radius: 0px; --text-vertical-align: flex-start; --text-align: center; --el-height: auto; --el-paddings: 0em 0em; } } \/*ANIMATION START*\/\/*ANIMATION END*\/ .flex-block__element--block-blockID--35940.flex-block__element--element_id_31663, .flex-element-animation-helper[data-id='element_id_31663'][data-block-id='blockID--35940'] { --el-width: 27.18826em; --el-width-tablet: 27.18826em; --el-height: 0.98592em; --el-height-tablet: 0.98592em; --el-actual-height: 0.98592em; --el-actual-height-tablet: 0.98592em; --position-top: 30.66993em; --position-top-tablet: 30.66993em; --position-left: 41.11491em; --position-left-tablet: 41.11491em; --rotateDeg: 0deg; --z-index: 1; --border-radius: 0px; --text-vertical-align: flex-start; --text-align: center; --el-height: auto; --el-paddings: 0em 0em; } @media only screen and (max-width: 767px) { .flex-block__element--block-blockID--35940.flex-block__element--element_id_31663, .flex-element-animation-helper[data-id='element_id_31663'][data-block-id='blockID--35940'] { --el-width: 19.6875em; --el-width-tablet: 19.6875em; --el-height: 2em; --el-height-tablet: 2em; --el-actual-height: 2em; --el-actual-height-tablet: 2em; --position-top: 61.875em; --position-top-tablet: 61.875em; --position-left: 1.875em; --position-left-tablet: 1.875em; --rotateDeg: 0deg; --z-index: 1; --border-radius: 0px; --text-vertical-align: flex-start; --text-align: center; --el-height: auto; --el-paddings: 0em 0em; } } \/*ANIMATION START*\/\/*ANIMATION END*\/<\/style><div\n    class=\"flex-block__element flex-block__element--element_id_90963 flex-block__element--image    flex-block__element--block-blockID--35940   flex-block__element--synced \"\n    style=\"\n  \"><img class=\"flex-img-tag \" alt=\"photographe-entreprise-paris-et-ile-de-france\" sizes=\"(max-width: 767px) calc(15.9375 * 4.2666666666667vw), calc(27.1875 * 1.25vw)\" data-srcset=\"https:\/\/ateliercorporate.com\/wp-content\/uploads\/2026\/02\/photographe-corporate-ilde-de-france-1.jpg 1418w, https:\/\/ateliercorporate.com\/wp-content\/uploads\/2026\/02\/photographe-corporate-ilde-de-france-1-200x300.jpg 200w, https:\/\/ateliercorporate.com\/wp-content\/uploads\/2026\/02\/photographe-corporate-ilde-de-france-1-683x1024.jpg 683w, https:\/\/ateliercorporate.com\/wp-content\/uploads\/2026\/02\/photographe-corporate-ilde-de-france-1-768x1151.jpg 768w, https:\/\/ateliercorporate.com\/wp-content\/uploads\/2026\/02\/photographe-corporate-ilde-de-france-1-1024x1536.jpg 1024w, https:\/\/ateliercorporate.com\/wp-content\/uploads\/2026\/02\/photographe-corporate-ilde-de-france-1-1366x2048.jpg 1366w\"  data-src=\"https:\/\/ateliercorporate.com\/wp-content\/uploads\/2026\/02\/photographe-corporate-ilde-de-france-1.jpg\" \/><\/div>\n    <div class=\"flex-block__element flex-block__element--element_id_12482 flex-block__element--text  flex-block__element--block-blockID--35940  flex-block__element--editorTagsFix  flex-block__element--synced \" style=\"\">\n      <div data-font='title_1\/large' class=\"flex-block__text-content  height-auto\">\n        <p><span style=\"color:var(--scheme_1--text--default)\">Pierre, votre photographe.<\/span><\/p>\n      <\/div>\n    <\/div>\n  \n    <div class=\"flex-block__element flex-block__element--element_id_72765 flex-block__element--text  flex-block__element--block-blockID--35940  flex-block__element--editorTagsFix  flex-block__element--synced \" style=\"\">\n      <div data-font='second_level\/paragraph' class=\"flex-block__text-content  height-auto\">\n        <p><span style=\"color:var(--scheme_1--text--default)\">Portraitiste depuis plus de 20 ans, avant tout passionn\u00e9 de photographie dans toute sa diversit\u00e9.<\/span><\/p><p><span style=\"color:var(--scheme_1--text--default)\">Attentif \u00e0 vos gestuelles d'Artisan, d'ambitions de Dirigeant, les qualit\u00e9s de vos collaborateurs, mes images doivent traduire les valeurs de vos \u00e9quipes.<\/span><\/p><div class=\"spacer\"><\/div><div class=\"spacer\"><\/div>\n      <\/div>\n    <\/div>\n  \n    <div class=\"flex-block__element flex-block__element--element_id_31663 flex-block__element--text  flex-block__element--block-blockID--35940  flex-block__element--editorTagsFix  flex-block__element--synced \" style=\"\">\n      <div data-font='second_level\/subtitle_1' class=\"flex-block__text-content  height-auto\">\n        <p><span style=\"color:var(--scheme_1--text--default)\">Bas\u00e8 a Paris, je travaille dans toute la France.<\/span><\/p>\n      <\/div>\n    <\/div>\n  <\/div><\/div>\n\n\n<p><\/p>\n","protected":false},"excerpt":{"rendered":"","protected":false},"author":1,"featured_media":0,"parent":0,"menu_order":0,"comment_status":"closed","ping_status":"closed","template":"","meta":{"footnotes":""},"class_list":["post-24","page","type-page","status-publish","hentry"],"fbg_featured_image_src":{"full":false,"thumbnail":false,"medium":false,"medium_large":false,"large":false,"1536x1536":false,"2048x2048":false},"fbg_excerpt":null,"_links":{"self":[{"href":"https:\/\/ateliercorporate.com\/index.php?rest_route=\/wp\/v2\/pages\/24","targetHints":{"allow":["GET"]}}],"collection":[{"href":"https:\/\/ateliercorporate.com\/index.php?rest_route=\/wp\/v2\/pages"}],"about":[{"href":"https:\/\/ateliercorporate.com\/index.php?rest_route=\/wp\/v2\/types\/page"}],"author":[{"embeddable":true,"href":"https:\/\/ateliercorporate.com\/index.php?rest_route=\/wp\/v2\/users\/1"}],"replies":[{"embeddable":true,"href":"https:\/\/ateliercorporate.com\/index.php?rest_route=%2Fwp%2Fv2%2Fcomments&post=24"}],"version-history":[{"count":12,"href":"https:\/\/ateliercorporate.com\/index.php?rest_route=\/wp\/v2\/pages\/24\/revisions"}],"predecessor-version":[{"id":261,"href":"https:\/\/ateliercorporate.com\/index.php?rest_route=\/wp\/v2\/pages\/24\/revisions\/261"}],"wp:attachment":[{"href":"https:\/\/ateliercorporate.com\/index.php?rest_route=%2Fwp%2Fv2%2Fmedia&parent=24"}],"curies":[{"name":"wp","href":"https:\/\/api.w.org\/{rel}","templated":true}]}}